 u be r(-4). Let c be 74576/553 - (u + 1/(-7)). Calculate the greatest common factor of c and 27.
27
Let g = -28 - -25. Let k be (-336)/(14/(-2)) + (-6)/g. Calculate the highest common divisor of 300 and k.
50
Suppose -230 = 3*t + 2*t. Suppose 240 = 4*h - 3*r, -5*h + 2*r + 300 = -2*r. Let s = t + h. What is the highest common divisor of 28 and s?
14
Let r = 309 - 202. Suppose 0 = 3*k - r + 26. Let g(m) = 3*m**2 + 12*m + 3. Let q be g(-5). Calculate the highest common divisor of k and q.
9
Let s(h) = -309*h - 2726. Let u be s(-9). Calculate the greatest common divisor of 913 and u.
11
Let d(o) = o**2 - 10*o - 35. Suppose -13*m = -54 - 11. Suppose m*z - 2 = 73. Let u be d(z). Calculate the greatest common factor of u and 10.
10
Let z(d) = 19*d + 3*d + 7 + 3*d + 10*d. Let g = 24 - 20. Let b be z(g). Calculate the highest common divisor of b and 21.
21
Suppose 0 = 4*o - 9*o - 2*h + 95, 3*o = 2*h + 41. What is the highest common divisor of 1496 and o?
17
Let n = 6028 + -5936. Let a(r) = 2*r**2 + r - 1. Let f be a(-2). Suppose -f*m + 152 = 37. Calculate the highest common factor of m and n.
23
Suppose -94*j + 2*y = -92*j - 8708, 4*y + 8 = 0. Calculate the greatest common factor of 448 and j.
64
Suppose 16*j = 3 - 35. Let y be (-16)/j + (5 - 3). Calculate the greatest common factor of y and 120.
10
Let p(l) = 4*l**2 - 26*l - 14. Let x be p(7). Suppose x = 2*o + 170 - 318. Calculate the highest common factor of o and 2.
2
Let i = 7480 + -7462. What is the highest common divisor of i and 5544?
18
Let a(f) = -2175*f - 2231. Let r be a(-2). What is the highest common factor of 13 and r?
13
Let u(l) = -l**3 + 10*l**2 - 2*l - 12. Let k be u(10). Let b be (-336)/k*(2 - 0). Calculate the highest common divisor of b and 28.
7
Let g(k) = -58 + k**3 + 108 + 0*k**2 - k**2 - 64 - 8*k - 5*k. Let y be g(5). What is the highest common divisor of 63 and y?
21
Suppose -14 - 2 = 4*m, -2*m = -g + 26. Suppose -24*v + 83 + 565 = 0. Calculate the greatest common factor of v and g.
9
Suppose -2*h = 4*h. Suppose 0*z = z - 2*x + 14, h = -x + 4. Let f be 0 + ((-8)/z - (-8)/12). Calculate the greatest common divisor of 6 and f.
2
Let s(j) = 77*j - 2062. Let t be s(30). Calculate the greatest common factor of t and 2914.
62
Let g = 486 - 268. Suppose g = 18*v + 2. Calculate the greatest common factor of 300 and v.
12
Let c = 2685 - 2677. Let f = 45 - -5. Suppose 3*z - 146 + f = 0. What is the highest common factor of z and c?
8
Suppose -166*q + 60 = -161*q. Let f be q/(-66) - (-2)/((-44)/(-13094)). Calculate the greatest common factor of 35 and f.
35
Suppose -5*i + 5*t - 1022 + 282 = 0, 2*i - 5*t + 290 = 0. Let y = 170 + i. Calculate the greatest common divisor of y and 240.
20
Let s(q) = 2*q**2 - 5*q - 6. Suppose -2*k + 16 = -0*k. Let w be s(k). Let g = 118 - w. What is the highest common divisor of g and 144?
36
Suppose -b - 5*r = -362, 6*r - 12 = -0. What is the highest common factor of b and 40?
8
Suppose 5*j + 5*p = 155, -4*j + 189 - 63 = 3*p. Let y be 0 + 324/j + (-16)/(-88). Calculate the highest common divisor of 18 and y.
2
Let s(i) = 15*i**2 + 42*i + 119. Let l be s(-3). What is the highest common divisor of 624 and l?
16
Suppose -h = -2*p - 5*h + 16, 3*h - 40 = -5*p. Suppose w - p*a - 262 = -12*a, w = 4*a + 302. What is the greatest common factor of w and 6?
6
Let f = -4329 - -4349. What is the highest common divisor of f and 335?
5
Let p = 232 + -348. Let f = p - -162. Let v be -1 + (-138 + -3)/(-3). Calculate the greatest common factor of v and f.
46
Let u be (-6)/((-144)/60)*20. What is the greatest common divisor of u and 325?
25
Let m(p) = 4*p**3 - 14*p**2 + 50*p - 24. Let k be m(4). What is the greatest common divisor of k and 286?
26
Let n be 3/12 + (0 - 95/(-4)). Suppose 56 = 8*h - n. Suppose 0 = -4*a + f + 12, -a - 16 = -3*a + 3*f. Calculate the greatest common divisor of h and a.
2
Let q be 4*((-2055)/(-78) - (-4)/26). Suppose -51 = -3*c - 2*v + 14, v = -5*c + q. Suppose -c*a = -22*a + 40. What is the greatest common divisor of a and 10?
10
Let y = -3141 - -4317. Calculate the greatest common divisor of y and 1323.
147
Let l be ((-24)/75*(-200)/80)/((-6)/(-315)). What is the greatest common factor of l and 595?
7
Suppose -p = -5, 271 = 4*y - p - 64. Suppose -12*m + y + 59 = 0. What is the greatest common divisor of m and 54?
6
Let s(z) = -z**2 - 9*z + 8. Let u be s(-10). Let r be (36/18)/(u/(-22)). Let c(o) = o + 18. Let m be c(-16). What is the greatest common factor of r and m?
2
Let n(t) = 11*t**2 + 8*t + 5. Let h be n(-3). Suppose -116*v + 114*v = -2*c + 410, -c = 3*v - 185. Calculate the greatest common factor of c and h.
40
Let z be (-11862)/(-33) + (690/(-66) - 11/(-1)). What is the highest common divisor of z and 228?
12
Let i = 103 - 101. Let d be i + (32 - 5) - -5. Calculate the greatest common factor of d and 238.
34
Suppose 0 = 4*g + 3*f - 17, -5*g - 2*f + 5 = -11. Suppose 0 = 2*m + 5*z - 72, -6*m - 1 = -4*z - 141. What is the greatest common factor of m and g?
2
Let r be (191 - 14473)*(2 - (-5)/(-2) - 0). What is the highest common factor of r and 74?
37
Let r be 212 - (8/18)/((-14)/(-126)). Calculate the highest common factor of r and 936.
104
Let v(q) = -8*q - 252. Let u be v(-32). Let k(n) = n**3 - 4*n**2 + 4*n - 2. Let i be k(u). Calculate the greatest common divisor of i and 30.
2
Let d(m) = 6*m**2 - 3*m - 15. Let i = 101 + -100. Suppose x = 3*t + t - i, -2*t = -x - 3. Let f be d(x). Calculate the highest common factor of f and 30.
30
Suppose 0 = -14*a + 16*a - 92. Suppose 2*h - a = 5*c, -83 - 32 = -5*h - 3*c. Suppose 0 = -h*x + 9*x + 280. Calculate the highest common factor of 140 and x.
20
Let o be (-3 + (-5)/(-2))/((-2)/160). Suppose -3*d = -d - o. Let j be 1056*(d/8 + 2 + -4). What is the highest common factor of 48 and j?
48
Let t(g) = -337 + 6*g**2 + 6*g - 7*g**2 + 346. Let f be t(6). What is the highest common divisor of f and 12?
3
Let t(p) = 2286*p - 4320. Let v be t(2). Calculate the greatest common divisor of 3600 and v.
36
Suppose -160 = -4*v - 4*t, -t + 69 + 8 = 2*v. Calculate the highest common factor of v and 3071.
37
Let s = 665 - 557. Suppose -76 = l - s. Suppose 4*x + 14 = n + 43, -n + 11 = x. What is the greatest common factor of l and x?
8
Suppose -7*t + 13 + 43 = 0. Suppose 0 = t*j - 297 - 31. What is the greatest common divisor of 328 and j?
41
Let l = -1895 - -1991. Calculate the highest common factor of l and 20.
4
Let d be (1/(10/126))/(690/549700). What is the highest common divisor of d and 21?
21
Let v = 8401 + -8199. Calculate the highest common factor of 10 and v.
2
Let v(l) = 3*l**3 - 17*l**2 - 5*l + 9. Let k be v(6). Let u(b) = 2*b**3 - 7*b**2 - 4*b + 9. Let z be u(6). What is the highest common factor of k and z?
15
Let l be ((-207)/(-46))/((-1 - -3)/212). What is the greatest common divisor of 36 and l?
9
Suppose 7*z = 2*z + n + 153, -4*n = 4*z - 108. Let w = -24 + z. Let k be 8/w*189/14. What is the greatest common factor of 6 and k?
6
Let q = 11 - 0. Suppose 3699 + 8170 = 83*i. Calculate the greatest common factor of q and i.
11
Let y = -13442 - -13449. Let q = 8 + -1. What is the highest common divisor of q and y?
7
Suppose -19*a = -41 - 16. Let k be 372 - (-3 + 4)/((-1)/a). Calculate the greatest common factor of k and 30.
15
Let a = -5316 + 5598. Calculate the highest common divisor of 1786 and a.
94
Let s be (2 + (-14)/4)*-2. Suppose -s*y + 0*y = -597. Let t = -101 + y. Calculate the highest common divisor of t and 14.
14
Suppose n + 364 = 8*n. Suppose -48*o + n*o = 24. Calculate the greatest common factor of o and 8.
2
Let w = -41 - -257. Suppose -5*z + q = -310, -4*z + 31 = -q - w. What is the highest common divisor of z and 315?
63
Let w be (-126)/(-4) + 4/(-16)*6. Let t(q) = 7*q - 173. Let n be t(w). Calculate the highest common divisor of 111 and n.
37
Suppose -140*p = -214 - 296 - 470. Let t = 53 + -25. What is the greatest common factor of t and p?
7
Suppose 0 = -5*y + 4*c - 2*c + 563, -5*c - 20 = 0. Let w = 120 - y. Suppose w*s = -1 + 10. Calculate the greatest common divisor of s and 7.
1
Let w(g) = -2*g**2 - g**3 - 2*g + g + 4*g**3 - 4*g**3 - 4. Let c be w(-3). Let r be 6*c/12 + 3. What is the greatest common factor of 35 and r?
7
Let f(z) = -14*z + 1589. Let j be f(-58). What is the hi